 4*y + 13 = -2*c, -5*c + w*y = -13. Let q(z) = 9*z + 1. Give q(c).
10
Let s(g) = -7*g - 4. Let l = 6592 + -6594. Determine s(l).
10
Let b(w) = w**3 - 4*w**2 - 2*w + 12. Let x be b(3). Let k(o) be the first derivative of -o**4/4 - 4*o**3/3 + o**2/2 + 2*o + 5. Give k(x).
-10
Let q(i) be the first derivative of -4*i**2 + 78*i + 2346. Calculate q(9).
6
Let o(w) = 7*w**3 + 16*w**2 + 34*w + 17. Let q(c) = -19*c**3 - 47*c**2 - 96*c - 50. Let z(i) = 11*o(i) + 4*q(i). Calculate z(13).
26
Suppose 2*i - x - 34 = -5*x, 2*x - 8 = 0. Let k(s) = s**2 - 8*s - 4. Calculate k(i).
5
Let x(b) be the third derivative of -b**6/180 - b**5/30 + 13*b**3 - b**2 + 22*b. Let z(p) be the first derivative of x(p). Give z(-3).
-6
Let c(r) = -24*r**3 + 3*r**2 + 48*r - 18. Let u(p) = 11*p**3 - p**2 - 22*p + 8. Let y(s) = -6*c(s) - 13*u(s). Give y(5).
-6
Let m(w) = -62*w - 58*w - 25*w + 194*w - 53*w. Let b = -2 - -1. Let t = 2 + b. What is m(t)?
-4
Let j(x) = -9*x**2 - 14*x + 107. Let d(u) = -5*u**2 - 8*u + 62. Let g(f) = -5*d(f) + 3*j(f). Give g(-5).
-29
Let y(u) = -u + 2. Suppose p = -4*z + 13, 3*p - z + 32 - 71 = 0. Give y(p).
-11
Let y be 4/(-4)*(0 + 7). Let n(r) = -r**2 - 4*r + 9. Let p(i) = 3*i**2 + 11*i - 28. Let f(t) = 7*n(t) + 2*p(t). Determine f(y).
0
Let q be 32/(-80) + 114/10. Let c(r) = 3*r + 160 - 166 + 2*r. Let v(n) = 9*n - 11. Let z(b) = q*c(b) - 6*v(b). Calculate z(-3).
-3
Let w(h) = 18*h - 3. Suppose -72 = 42*m + 12. Determine w(m).
-39
Let a(i) = -2*i - 5. Let d(x) be the second derivative of 0 - x**2 - 7*x - 1/6*x**3. Let z(y) = 2*a(y) - 5*d(y). Calculate z(4).
4
Let x(z) = 53756*z**2 - 2*z**3 - 53 + 53773*z**2 - 28*z - 107543*z**2 + z**3. What is x(-12)?
-5
Let o(x) = -x**2 - 13*x + 21. Let q(j) be the second derivative of -j**4/6 - 13*j**3/3 + 43*j**2/2 + 3*j + 14. Let a(g) = 7*o(g) - 3*q(g). Calculate a(-14).
4
Let x(q) = 7*q**3 + 38*q**2 + 26*q - 11. Let d(f) = 15*f**3 + 81*f**2 + 54*f - 24. Let s(u) = 6*d(u) - 13*x(u). Give s(-4).
-9
Let k(q) = 5*q**3 - q**2 - q + 1. Let b = -38 + 44. Suppose -b*m + 4*m = 0. Suppose m = 4*r - 13 + 9. Give k(r).
4
Let l(x) = -x**2 - 1. Let j = 19 + -23. Let k be 24 - (-3 + 3 - 8/j). Suppose -k = 2*p - 28. Determine l(p).
-10
Let u(k) = -k**2 - k. Let b(t) = 10*t**2 + 6*t. Let s(v) = -b(v) - 4*u(v). Suppose -2*y + 8*d = 12*d + 144, -y - 60 = 5*d. Let m = 78 + y. Calculate s(m).
-20
Let h be (-2)/(-4) - ((-6380)/8)/11. Let j = 78 - h. Let y(v) = v**2 + 3*v + 7. Let p(w) = -3*w**2 - 5*w - 14. Let k(m) = j*y(m) + 2*p(m). Calculate k(6).
1
Let i(h) = -h - 1. Let u be (-18)/(14 - 8)*(0 - 1). Let a(z) = -z**2 + 9*z - 20. Let m be a(u). Give i(m).
1
Suppose -570 - 549 = 46*r - 429. Let p(g) = g + 5. What is p(r)?
-10
Suppose 0 = 196*i + 1279 - 7747. Let a(o) = -o**3 + 34*o**2 - 35*o + 60. What is a(i)?
-6
Let w(q) be the first derivative of 3*q**2 + 30*q - 198. Calculate w(-4).
6
Let q(w) = w**2 + 11*w + 24. Let r(k) = k**3 + 79*k**2 + 80*k + 152. Let a be r(-78). What is q(a)?
-4
Let c(t) be the second derivative of -t**3 - 3*t**2 - 2*t + 15 + 1/12*t**4. Let o = -9 - -15. Determine c(o).
-6
Let p(t) = 13*t - 9. Let j be p(3). Suppose j - 146 = -l. Let w = l - 122. Let a(m) = -m**3 - 7*m**2 - 6*m + 2. Give a(w).
2
Suppose -9*d = -14*d. Let s(h) = -h + 1. Let m(u) = -u**2 - 5*u + 8. Let a(g) = -m(g) + 5*s(g). Calculate a(d).
-3
Let d be (-2)/((-28)/(-8) + -3). Let m(n) = -6*n - 2 + 300*n**2 - 146*n**2 - 155*n**2. Give m(d).
6
Let i = 110 - 104. Suppose -3*w = -15, -3*w + 6 = c - i. Let x(j) be the first derivative of -j**4/2 - 5*j**3/3 - j**2 + 2*j + 1. What is x(c)?
17
Let v(w) = 0 - 135*w**2 + 135*w**2 - w**3 - 8. Let a be ((-10)/20 - -1)*0. What is v(a)?
-8
Let r(y) be the third derivative of -y**4/12 + 4*y**3/3 + 957*y**2 + 1. Suppose 3*h - 16 = -h. Let x be (-145)/(-20) - 1/h. Determine r(x).
-6
Let m(t) = -t**2 + 9*t - 1. Suppose 436 = 29*k + 146. What is m(k)?
-11
Let m(z) = 3*z. Let k(g) = g**3 + 14*g**2 + g + 12. Let r be k(-14). Let a be (16/(-3))/(r/3). Suppose -f + 3*d - a = 0, 0*f + d - 2 = f. Give m(f).
3
Let f(y) = y**2 + 12*y + 35. Let v be f(-5). Suppose -10*h + 6*h + 180 = v. Suppose -x - i + 1 = 0, -h = -7*x + 2*x + 3*i. Let d(z) = z + 4. Calculate d(x).
10
Let x = -655 + 1246. Let a = -593 + x. Let w(k) = -k - 1. Let j(u) = u + 1. Let t(r) = 2*j(r) - w(r). Calculate t(a).
-3
Let p be (6/15)/(3/45). Suppose -46 = 5*q + 4*k, -3*k - 24 - p = 3*q. Let y(s) be the third derivative of s**5/60 + 3*s**4/8 + s**3/6 + 45*s**2. Give y(q).
-17
Let w(p) = 0*p**3 + 3*p - 5*p**2 - 4*p**2 + 21561 + 2*p**3 - 21565 + 3*p**2. Give w(4).
40
Let z(y) = -28*y + 175. Let n(k) = 10*k - 63. Let d(o) = 8*n(o) + 3*z(o). Determine d(4).
5
Suppose -14*r + 0*r + 28 = 0. Let w(q) = -7 - 10*q + 6 - 78*q**2 + 79*q**r. Calculate w(7).
-22
Let x(w) be the third derivative of 5*w**4/24 - 11*w**3/2 + 2*w**2 + 561*w. What is x(10)?
17
Suppose 5*j + 44 = 159. Suppose 24*k - j*k = 3. Let b(p) = -2*p**2 - 2*p**k - p**3 + 2*p**3 + 19 - 21. Calculate b(-3).
7
Let x = 211 - 208. Let b be (12/6)/(x + -5). Let j(m) = -7*m**2 + m. Give j(b).
-8
Suppose -2*v + 32 = 22. Let y = -11 + 13. Let h(w) = y + 4*w - w - v*w. Determine h(2).
-2
Let m(p) be the second derivative of p**3/6 + 9*p**2/2 + 435*p - 3. Give m(-9).
0
Let d = 7 - 5. Suppose 0 = -3*g - 3*y - 3, -d*y - 1 = 9. Let k(n) = -g - 4 + 3 + 10*n + 4. Determine k(1).
9
Let h be (-2)/12*(-43 - 85/17). Let z(a) = -6 - 10 + 14*a - 20*a + 9*a. Calculate z(h).
8
Suppose 10*j - 15*j = f - 9, 2*j = 2*f + 6. Let v(r) be the first derivative of -2/3*r**3 + 1/4*r**4 - 17 - 3/2*r**2 + 2*r. What is v(j)?
-4
Let m(h) = h**2 - 5*h + 8. Let c be (5/(-1))/((-3)/(-3)). Let x be (-4 - c)/(((-44)/24)/(-11)). Give m(x).
14
Let h(r) be the third derivative of r**8/6720 - r**7/420 + r**6/180 + r**5/24 + 25*r**4/8 + 88*r**2. Let b(p) be the second derivative of h(p). Give b(5).
0
Let v(n) = -n - 13. Let p(s) = 3*s + 23. Let t(m) = 6*p(m) + 11*v(m). What is t(-2)?
-19
Let m = 52 - 50. Suppose 4*s - 2*n = -0*n - 14, -s - n = m. Let c(a) = 0 + 0*a + 3 + 4*a + 0*a. What is c(s)?
-9
Suppose 3*r - 2*z - 20 = r, -2*z - 4 = 0. Let o be (r/10)/((-43)/430). Let i(q) = q**3 + 9*q**2 + 7*q - 7. Give i(o).
1
Let z(b) = 2*b**2 + 21*b + 7. Suppose -3*u + 10 = -63*h + 59*h, -h - 25 = 3*u. Give z(u).
-47
Let u(c) = -11*c**2 + 8*c - 4. Let z be u(3). Let y = z - -68. Let f(l) = -l + 1. Determine f(y).
12
Let v(n) be the second derivative of -n**5/20 - n**4/6 - n**3/6 - 5*n**2/2 - 1059*n. Give v(-3).
7
Suppose 3*q + 2*q - 2*h - 32 = 0, h + 20 = 3*q. Let o(v) = 222 + 3*v**2 - 5*v - v**2 - 241 - v**2. Determine o(q).
5
Let n(m) = 1 - m**2 + 2*m**2 + 1 - 4*m**2 + m. Let g(q) = q**2 + 1. Let d(c) = 4*g(c) + n(c). Let v = 14 + -14. Give d(v).
6
Suppose p + 14 = 2*p - 3*v, 2*p + 2*v + 4 = 0. Suppose a + 79 = -0*k + 2*k, -p*k - 3*a + 83 = 0. Let l = -38 + k. Let n(o) = 2*o - 3. Give n(l).
1
Let g(o) = 3*o - 1. Let f(a) = -11*a + 4. Let n(h) = -6*f(h) - 21*g(h). Let i(d) = 2*d. Let m(k) = -2*i(k) + n(k). Give m(6).
-9
Let a = -29 + 365. Suppose -b - 5*b + a = 0. Let r = -65 + b. Let x(t) = -t**3 - 10*t**2 - 11*t - 13. Give x(r).
5
Suppose -19*f = 5*z - 17*f - 15, -z + 3*f = 14. Suppose -4*h - 10 = c, 2*h - 3*h - 2*c = -z. Let b(y) = y**2 + 2*y - 2. Determine b(h).
1
Suppose -3*t - 8 + 23 = 0. Let u be 10*(-2 + (t - 2)). Let v(g) = 5 + 5*g - 2*g - g**2 + 7*g. Calculate v(u).
5
Let l = 258 - 246. Let a be ((-6)/(-8))/(3/l). Let c(r) = 5*r + 3. Determine c(a).
18
Let j(k) = -47*k - 328. Let w be j(-7). Let p(h) = -h**2 - 2*h - 2. Give p(w).
-5
Let z = 1689 + -1655. Let h(f) = 28*f - 952. What is h(z)?
0
Suppose -4*k = -7*p + 4*p - 56, 0 = -4*k + 2*p + 56. Let f(l) = -32*l**2 + 17 + 2*l + 45*l**2 - l**3 + 11*l. Determine f(k).
3
Let p(j) = -j + 4. Let d be p(2). Let k(a) = 3*a - 5*a + 7 + d - 7. Suppose 2*q + 0*q - 14 = 0. Give k(q).
-12
Let h(r) be the second derivative of -r**5/10 + 7*r**4/6 - 5*r**3/2 + 14*r**2 - 1720*r + 1. What is h(6)?
10
Let m be ((-1 - 2) + -4)*-1. Suppose 3*o + 4*i = o - 6, m = -5*o - 2*i. Let q(f) = -f - 61 - 76 + 138. Give q(o).
2
Let o(w) = -3*w**3 - w**2 + w + 2. Suppose -z - 220 = 198. Let t = 420 + z. Calculate o(t).
-24
Let x(k) = -k - 4. Suppose 50 = 4*d - 3*b, -2*d + 0*b = 2*b - 18. Let i = -3 + d. Suppose -3*y + 5 =